{"id":43,"date":"2016-05-27T23:29:37","date_gmt":"2016-05-27T21:29:37","guid":{"rendered":"http:\/\/cipciop.de\/?page_id=43"},"modified":"2025-08-02T14:24:13","modified_gmt":"2025-08-02T12:24:13","slug":"agbs","status":"publish","type":"page","link":"https:\/\/filma-v.de\/?page_id=43","title":{"rendered":"AGB&#8217;s"},"content":{"rendered":"<div class=\"wpb-content-wrapper\"><p>[vc_row][vc_column][vc_custom_heading text=&#8221;Allgemeine Gesch\u00e4ftsbedingungen&#8221; use_theme_fonts=&#8221;yes&#8221; link=&#8221;|||&#8221;][vc_row_inner][vc_column_inner width=&#8221;2\/3&#8243;][vc_column_text css=&#8221;&#8221;]<strong><img loading=\"lazy\" decoding=\"async\" class=\"alignnone size-full wp-image-836\" src=\"https:\/\/filma-v.de\/wp-content\/uploads\/2017\/03\/IT-Recht-Plus-e1488719959473.gif\" alt=\"\" width=\"100\" height=\"92\" \/><\/strong><\/p>\n<p><strong>\u00a0Verliehen am 12.12.2013<\/strong><\/p>\n<p><strong>Allgemeine Gesch\u00e4ftsbedingungen\u00a0<\/strong><\/p>\n<p><strong>Anbieter:<\/strong><\/p>\n<p><strong>FILMA-V<\/strong><br \/>\nClaudia Virz\u00ed<br \/>\nKaisersbacher Stra\u00dfe 56<br \/>\n70374 Stuttgart<br \/>\nTel: \u00a0(+49) 0172 \/ 266 74 90<\/p>\n<p>E-Mail: <a href=\"mailto:info&#64;filma-v&#46;&#100;&#101;\">&#x69;&#x6e;&#x66;&#x6f;&#x40;&#x66;&#x69;&#x6c;&#x6d;&#x61;&#x2d;&#118;&#46;&#100;&#101;<\/a><\/p>\n<p>&#8211; im folgenden Filma-V genannt &#8211;<\/p>\n<ol>\n<li><strong>Allgemeines\/Geltung<\/strong><\/li>\n<\/ol>\n<p>Diese Allgemeinen Gesch\u00e4ftsbedingungen gelten, soweit sie vertraglich eingebunden sind und im Angebotstext nicht ausdr\u00fccklich anderes geregelt ist, f\u00fcr alle Lieferungen und Leistungen von Filma-V.<\/p>\n<p>&nbsp;<\/p>\n<ol start=\"2\">\n<li><strong>Regelungen und Informationen zum Vertragsschluss<\/strong><\/li>\n<\/ol>\n<p><em>a) Allgemeines<br \/>\n<\/em>Alle Darstellungen auf den Internetseiten von Filma-V stellen lediglich eine unverbindliche Aufforderung zur Abgabe von Angeboten durch den Kunden dar.<\/p>\n<p>&nbsp;<\/p>\n<p><em>b) Technische Schritte, die zum Vertragsschluss f\u00fchren und Zustandekommen des Kaufvertrages bei Bestellung \u00fcber den Online-Shop<\/em><\/p>\n<p>F\u00fcr eine Bestellung eines oder mehrerer Artikel \u00fcber den Online-Shop, m\u00fcssen die Artikel zun\u00e4chst durch einen Mausklick auf den \u201cWarenkorb\u201d-Link oder Button zur Bestellung vorgemerkt werden. Im \u201eWarenkorb\u201c (den Sie jederzeit \u00fcber einen Link im Shopangebot erreichen) werden Sie dann durch den Bestellvorgang gef\u00fchrt, indem jeder Schritt erl\u00e4utert und die erforderlichen Angaben abgefragt werden.<br \/>\nDer Bestellvorgang ist abgeschlossen, wenn der Kunde abschlie\u00dfend\u00a0auf \u201ekostenpflichtig bestellen\u201c klickt.<\/p>\n<p>&nbsp;<\/p>\n<p>Darin liegt das Angebot des Kunden zum Abschluss des Vertrages, welches Filma-V innerhalb von zwei Werktagen annehmen kann.<br \/>\nDie Annahme des Angebots durch Filma-V erfolgt durch gesonderte Auftragsbest\u00e4tigung oder Lieferung der Ware.<br \/>\nDie Bestellbest\u00e4tigung selbst stellt noch keine Annahme des Angebots dar, es sei denn, diese beinhaltet eine Zahlungsaufforderung.<\/p>\n<p>Mit der Annahme durch Filma-V ist der Kaufvertrag geschlossen, wenn nicht abweichend eine der folgende Konstellationen vorliegt:<\/p>\n<p>&nbsp;<\/p>\n<p>Sofern unmittelbar nach Abschluss des Bestellvorgangs der Bezahlvorgang eingeleitet wird, so kommt der Vertrag mit Abschluss des Bezahlvorgangs zustande.<\/p>\n<p>&nbsp;<\/p>\n<p><i>c) Vertragsschluss bei Bestellung per Telefon, Mail, Fax oder Brief<\/i><\/p>\n<p>&nbsp;<\/p>\n<p>Sofern im Onlineshop ausdr\u00fccklich angeboten, erfolgt der Vertragsschluss bei Bestellung durch den Kunden per Telefon, Mail, Fax oder Brief wie folgt:\u00a0Der Kunde erkl\u00e4rt m\u00fcndlich oder schriftlich seine verbindliche Absicht, genau benannte Artikel des Angebots im Online-Shop kaufen zu wollen. Darin liegt das Angebot des Kunden zum Abschluss des Vertrages, welches Filma-V innerhalb von f\u00fcnf Tagen nach Zugang annehmen kann.<br \/>\nDie Annahme des Angebots durch Filma-V erfolgt durch \u00dcbersendung der Auslieferungsbest\u00e4tigung oder Lieferung der Ware. Damit ist der Kaufvertrag geschlossen.<\/p>\n<p>&nbsp;<\/p>\n<p><i>d) Speicherung und Zugang zum Vertragstext<\/i><\/p>\n<p>&nbsp;<\/p>\n<p>Filma-V speichert den Vertragstext und sendet dem Kunden die Bestelldaten und die Vertragsbedingungen per E-Mail zu. Damit verschafft Filma-V dem Kunden die M\u00f6glichkeit, die Vertragsbestimmungen bei Vertragsschluss abzurufen und in wiedergabef\u00e4higer Form zu speichern. Ein Zugang zu den bei Filma-V gespeicherten Vertragstexten ist \u2013 mit Ausnahme der frei zug\u00e4nglichen AGB \u2013 nur registrierten Kunden \u00fcber das Kundenkonto m\u00f6glich.<\/p>\n<p>&nbsp;<\/p>\n<p><i>e) Erkennen und Berichtigung von Eingabefehlern<\/i><\/p>\n<p>&nbsp;<\/p>\n<p>Zur Erkennung und Verhinderung von Eingabefehlern w\u00e4hrend des Bestellvorgangs bekommt der Kunde vor der wirksamen Bestellung eine \u00dcbersichtsseite zur Kontrolle angezeigt, mit deren Hilfe er alle Einzelheiten der Bestellung kontrollieren und in den Eingabefeldern selbst oder unter Verwendung des \u201eZur\u00fcck\u201c-Buttons des Internetbrowsers die eingegebenen Daten berichtigen kann.<\/p>\n<p>&nbsp;<\/p>\n<p><i>f) Zur Verf\u00fcgung stehende Sprachen<\/i><\/p>\n<p>&nbsp;<\/p>\n<p>Die Vertragssprache ist Deutsch.<\/p>\n<p>&nbsp;<\/p>\n<ol start=\"3\">\n<li><strong>Preise und Zahlungsbedingungen\u00a0<\/strong><\/li>\n<\/ol>\n<p>Es gelten die angezeigten Preise zum Zeitpunkt der Bestellung. Verpackungs- und Versandkosten werden, soweit solche erhoben werden, zuz\u00fcglich berechnet und dem Kunden rechtzeitig angezeigt. F\u00fcr den Fall der Bestellung aus dem Ausland, kann nicht ausgeschlossen werden, dass Ihre Bank oder Ihr Land Filma-V nicht bekannte Kosten oder Steuern erheben, wie z.B. (Einfuhr-)Z\u00f6lle oder Bearbeitungsgeb\u00fchren f\u00fcr die Zahlung.<\/p>\n<p>&nbsp;<\/p>\n<p>Hierbei handelt es sich nicht um Kosten, die \u00fcber Filma-V abgef\u00fchrt oder in Rechnung gestellt werden.<\/p>\n<p>&nbsp;<\/p>\n<p>Filma-V akzeptiert alle auf der Internetseite angegebenen Zahlungsarten. Filma-V stellt dem Kunden f\u00fcr die bestellte Ware eine Rechnung aus, die ihm in Textform sp\u00e4testens mit Warenlieferung \u00fcbersandt wird.<\/p>\n<p>&nbsp;<\/p>\n<p>Der Gesamtkaufpreis der bestellten Ware ist je nach gew\u00e4hlter Zahlungsart zahlbar.<\/p>\n<p>&nbsp;<\/p>\n<ol start=\"4\">\n<li><strong>Verpackungs- und Versandkosten<\/strong><\/li>\n<\/ol>\n<p>Verpackungs- und Versandkosten werden, soweit solche erhoben werden, dem Kunden rechtzeitig vor Ausl\u00f6sen des Bestellvorganges bekannt gegeben.<\/p>\n<p>&nbsp;<\/p>\n<ol start=\"5\">\n<li><strong>Lieferung und Lieferzeiten\u00a0<\/strong><\/li>\n<\/ol>\n<p>Die Lieferung der Ware an den Kunden erfolgt durch Drittanbieter (Lieferdienste).<\/p>\n<p>&nbsp;<\/p>\n<p>Die Lieferzeiten sind entweder der Produktbeschreibung oder den gesondert abrufbaren Angaben zum Versand im Shop zu entnehmen.<\/p>\n<p>Teillieferungen sind zul\u00e4ssig, au\u00dfer der Kunde hat hieran erkennbar kein Interesse oder ihm sind diese erkennbar nicht zumutbar. Zumutbarkeit ist dann gegeben, wenn<\/p>\n<p><i>a) die Teillieferung f\u00fcr den Auftraggeber im Rahmen des vertraglichen Bestimmungszwecks verwendbar ist,<\/i><\/p>\n<p><i>b) die Lieferung der restlichen bestellten Ware sichergestellt ist und<\/i><\/p>\n<p><i>c) dem Kunden hierdurch weder erheblicher Mehraufwand noch zus\u00e4tzliche Kosten entstehen oder der Verk\u00e4ufer sich zur \u00dcbernahme dieser Kosten bereit erkl\u00e4rt.<\/i><\/p>\n<p>&nbsp;<\/p>\n<p>Die Kosten f\u00fcr Transport und Verpackung werden, soweit solche erhoben werden, bei Teillieferungen nur einmal berechnet.<\/p>\n<p>&nbsp;<\/p>\n<ol start=\"6\">\n<li><strong>Gefahren\u00fcbergang<\/strong><\/li>\n<\/ol>\n<p>Ist der Kunde Unternehmer, d.h. handelt er bei Abschluss des Vertrags in Aus\u00fcbung seiner gewerblichen oder selbst\u00e4ndigen beruflichen T\u00e4tigkeit, geht die Gefahr des zuf\u00e4lligen Untergangs und der zuf\u00e4lligen Verschlechterung der Ware mit der \u00dcbergabe, beim Versendungskauf mit der Auslieferung der Sache an den Spediteur, den Frachtf\u00fchrer oder der sonst zur Ausf\u00fchrung der Versendung bestimmten Person oder Anstalt auf den Kunden \u00fcber.<\/p>\n<p>&nbsp;<\/p>\n<p>In allen anderen F\u00e4llen geht die Gefahr des zuf\u00e4lligen Untergangs und der zuf\u00e4lligen Verschlechterung der verkauften Sache auch beim Versendungskauf erst mit der \u00dcbergabe der Sache auf den Kunden \u00fcber, unabh\u00e4ngig von der gew\u00e4hlten Versandart.<\/p>\n<p>&nbsp;<\/p>\n<ol start=\"7\">\n<li><strong>Ausschluss bzw. vorzeitiges Erl\u00f6schen des Widerrufsrechts<\/strong><\/li>\n<\/ol>\n<p>Das Widerrufsrecht besteht nicht wenn der Kunde bei Abschluss des Vertrags in Aus\u00fcbung Ihrer gewerblichen oder selbst\u00e4ndigen beruflichen T\u00e4tigkeit und mithin als Unternehmer im Sinne des \u00a7 14 B\u00fcrgerlichen Gesetzbuches (BGB) handelt.<\/p>\n<p>&nbsp;<\/p>\n<p><strong>Das Widerrufsrecht besteht ferner nicht bei Vertr\u00e4gen<\/strong><\/p>\n<p><em>\u2013 zur Lieferung von Waren, die nicht vorgefertigt sind und f\u00fcr deren Herstellung eine individuelle Auswahl oder Bestimmung durch den Verbraucher ma\u00dfgeblich ist oder die eindeutig auf die pers\u00f6nlichen Bed\u00fcrfnisse des Verbrauchers zugeschnitten sind;<\/em><\/p>\n<p>&nbsp;<\/p>\n<p><em>\u2013 zur Lieferung von Waren, die schnell verderben k\u00f6nnen oder deren Verfallsdatum schnell \u00fcberschritten w\u00fcrde;<\/em><\/p>\n<p>&nbsp;<\/p>\n<p><em>\u2013 zur Lieferung alkoholischer Getr\u00e4nke, deren Preis bei Vertragsschluss vereinbart wurde, die aber fr\u00fchestens 30 Tage nach Vertragsschluss geliefert werden k\u00f6nnen und deren aktueller Wert von Schwankungen auf dem Markt abh\u00e4ngt, auf die der Unternehmer keinen Einfluss hat;<\/em><\/p>\n<p>&nbsp;<\/p>\n<p><em>\u2013 zur Lieferung von Zeitungen, Zeitschriften oder Illustrierten mit Ausnahme von Abonnement-Vertr\u00e4gen.<\/em><\/p>\n<p>&nbsp;<\/p>\n<p><strong>Das Widerrufsrecht erlischt vorzeitig bei Vertr\u00e4gen<\/strong><\/p>\n<p><em>\u2013 zur Lieferung versiegelter Waren, die aus Gr\u00fcnden des Gesundheitsschutzes oder der Hygiene nicht zur R\u00fcckgabe geeignet sind, wenn ihre Versiegelung nach der Lieferung entfernt wurde;<\/em><\/p>\n<p>&nbsp;<\/p>\n<p><em>\u2013 zur Lieferung von Waren, wenn diese nach der Lieferung auf Grund ihrer Beschaffenheit untrennbar mit anderen G\u00fctern vermischt wurden;<\/em><\/p>\n<p>&nbsp;<\/p>\n<p><em>\u2013 zur Lieferung von Ton- oder Videoaufnahmen oder Computersoftware in einer versiegelten Packung, wenn die Versiegelung nach der Lieferung entfernt wurde.<\/em><\/p>\n<p>&nbsp;<\/p>\n<ol start=\"8\">\n<li><strong>Gew\u00e4hrleistung, Garantie<\/strong><\/li>\n<\/ol>\n<p>Es besteht ein gesetzliches M\u00e4ngelhaftungsrecht, insoweit gelten die gesetzlichen Fristen.<\/p>\n<p>Sollte im Angebot eine Garantie angegeben werden, so bleibt die gesetzliche M\u00e4ngelhaftung hiervon unber\u00fchrt.<\/p>\n<p>&nbsp;<\/p>\n<ol start=\"9\">\n<li><strong>Eigentumsvorbehalt<\/strong><\/li>\n<\/ol>\n<p>Alle Lieferungen erfolgen unter Eigentumsvorbehalt.<br \/>\nDie gelieferte Ware bleibt bis zur vollst\u00e4ndigen Bezahlung des Kaufpreises Eigentum von Filma-V.<\/p>\n<p>&nbsp;<\/p>\n<ol start=\"10\">\n<li><strong>Verfahren zum Umgang mit Beschwerden<\/strong><\/li>\n<\/ol>\n<p>Unser Verfahren zum Umgang mit Beschwerden entspricht den Erfordernissen der fachlichen Sorgfalt. Sollten Sie demnach Beschwerden vorbringen wollen, k\u00f6nnen Sie dies \u00fcber alle hier genannten Kommunikationsmittel und Adressen\/Nummern schriftlich oder m\u00fcndlich tun. Eine zeitnahe Bearbeitung wird zugesichert.<\/p>\n<p>&nbsp;<\/p>\n<ol start=\"11\">\n<li><strong>Gerichtsstand, Rechtswahl<\/strong><\/li>\n<\/ol>\n<p>Gerichtsstand f\u00fcr alle Streitigkeiten im Zusammenhang mit dem Liefergesch\u00e4ft ist f\u00fcr den Fall, dass der Kunde ein Kaufmann, eine juristische Person des \u00f6ffentlichen Rechts oder ein \u00f6ffentlich-rechtliches Sonderverm\u00f6gen ist oder zwar Verbraucher ist, aber keinen allgemeinen Gerichtsstand in Deutschland hat oder seinen Wohnsitz nach Vertragsschluss ins Ausland verlegt oder der Wohnsitz des Kunden zum Zeitpunkt der Klageerhebung nicht zu ermitteln ist, der Sitz von Filma-V.<\/p>\n<p>&nbsp;<\/p>\n<p>Die Vertragspartner vereinbaren hinsichtlich s\u00e4mtlicher Rechtsbeziehungen aus diesem Vertragsverh\u00e4ltnis die Anwendung des Rechts der Bundesrepublik Deutschland unter Ausschluss des \u00dcbereinkommens der Vereinten Nationen \u00fcber Vertr\u00e4ge \u00fcber den internationalen Warenkauf vom 11. April 1980 (CISG).<\/p>\n<p>&nbsp;<\/p>\n<ol start=\"12\">\n<li><strong>Hinweise zur Verpackungsverordnung<\/strong><\/li>\n<\/ol>\n<p>Es wird darauf hingewiesen, dass Filma-V entsprechend den gesetzlichen Vorgaben einem zugelassenen Dualen System angeschlossen ist.<\/p>\n<p>&nbsp;<\/p>\n<ol start=\"13\">\n<li><strong>Schlussbestimmungen<\/strong><\/li>\n<\/ol>\n<p>&nbsp;<\/p>\n<p>(1) F\u00fcr den Fall, dass eine Bestimmung dieser allgemeinen Gesch\u00e4ftsbedingungen unwirksam sein sollte, wird die Wirksamkeit der anderen Bestimmungen nicht ber\u00fchrt. Dies gilt insbesondere f\u00fcr den bereits geschlossenen Vertrag. An die Stelle der unwirksamen Klausel tritt die gesetzliche Regelung. Anderes gilt nur, wenn in diesem Fall das Festhalten am Vertrag eine unzumutbare H\u00e4rte f\u00fcr eine Vertragspartei darstellt. Dann ist der Vertrag insgesamt unwirksam.<\/p>\n<p>&nbsp;<\/p>\n<p>(2) Die Vertragspartner vereinbaren hinsichtlich s\u00e4mtlicher Rechtsbeziehungen aus diesem Vertragsverh\u00e4ltnis die Anwendung des Rechts der Bundesrepublik Deutschland unter Ausschluss des UN-Kaufrechts, es sei denn, dass dem Verbraucher dadurch der Schutz entzogen w\u00fcrde, der ihm durch die zwingenden Vorschriften des Staates gew\u00e4hrt wird, in dem er seinen gew\u00f6hnlichen Aufenthalt hat. In letzterem Fall gilt das Recht des Staates in dem der Verbraucher seinen gew\u00f6hnlichen Aufenthalt hat.<\/p>\n<p>&nbsp;<\/p>\n<p>(3) Ist der Kunde Kaufmann, juristische Person des \u00f6ffentlichen Rechts, \u00f6ffentlich rechtliches Sonderverm\u00f6gen oder Verbraucher, der seinen Wohnsitz nach Vertragsschluss ins Ausland verlegt hat oder dessen Wohnsitz zum Zeitpunkt der Klageerhebung nicht zu ermitteln ist, ist Gerichtsstand f\u00fcr alle etwaigen Streitigkeiten aus der Gesch\u00e4ftsbeziehung zwischen Filma-V und dem Kunden der Ort unseres Gesch\u00e4ftssitzes. Zwingende gesetzliche Bestimmungen \u00fcber ausschlie\u00dfliche Gerichtsst\u00e4nde bleiben von dieser Regelung unber\u00fchrt.[\/vc_column_text][\/vc_column_inner][vc_column_inner width=&#8221;1\/3&#8243;][\/vc_column_inner][\/vc_row_inner][\/vc_column][\/vc_row]<\/p>\n<\/div>","protected":false},"excerpt":{"rendered":"<p>[vc_row][vc_column][vc_custom_heading text=&#8221;Allgemeine Gesch\u00e4ftsbedingungen&#8221; use_theme_fonts=&#8221;yes&#8221; link=&#8221;|||&#8221;][vc_row_inner][vc_column_inner width=&#8221;2\/3&#8243;][vc_column_text css=&#8221;&#8221;] \u00a0Verliehen am 12.12.2013 Allgemeine Gesch\u00e4ftsbedingungen\u00a0 Anbieter: FILMA-V Claudia Virz\u00ed Kaisersbacher Stra\u00dfe 56 70374 Stuttgart Tel: \u00a0(+49) 0172 \/ 266 74 90 E-Mail: &#105;&#x6e;f&#x6f;&#64;&#x66;i&#x6c;m&#x61;-&#118;&#x2e;&#100;&#x65; &#8211; im<a class=\"moretag\" href=\"https:\/\/filma-v.de\/?page_id=43\">Weiterlesen&#8230;<\/a><\/p>\n","protected":false},"author":1,"featured_media":0,"parent":0,"menu_order":0,"comment_status":"closed","ping_status":"closed","template":"","meta":{"footnotes":""},"class_list":["post-43","page","type-page","status-publish","hentry"],"yoast_head":"<!-- This site is optimized with the Yoast SEO plugin v23.8 - https:\/\/yoast.com\/wordpress\/plugins\/seo\/ -->\n<title>Allgemeine Gesch\u00e4ftsbedingungen | Filma-V<\/title>\n<meta name=\"description\" content=\"Allgemeine Gesch\u00e4ftsbedingungen\" \/>\n<meta name=\"robots\" content=\"index, follow, max-snippet:-1, max-image-preview:large, max-video-preview:-1\" \/>\n<link rel=\"canonical\" href=\"https:\/\/filma-v.de\/?page_id=43\" \/>\n<meta property=\"og:locale\" content=\"de_DE\" \/>\n<meta property=\"og:type\" content=\"article\" \/>\n<meta property=\"og:title\" content=\"Allgemeine Gesch\u00e4ftsbedingungen | Filma-V\" \/>\n<meta property=\"og:description\" content=\"Allgemeine Gesch\u00e4ftsbedingungen\" \/>\n<meta property=\"og:url\" content=\"https:\/\/filma-v.de\/?page_id=43\" \/>\n<meta property=\"og:site_name\" content=\"FILMA-V\" \/>\n<meta property=\"article:modified_time\" content=\"2025-08-02T12:24:13+00:00\" \/>\n<meta property=\"og:image\" content=\"https:\/\/filma-v.de\/wp-content\/uploads\/2017\/03\/IT-Recht-Plus-e1488719959473.gif\" \/>\n\t<meta property=\"og:image:width\" content=\"100\" \/>\n\t<meta property=\"og:image:height\" content=\"92\" \/>\n\t<meta property=\"og:image:type\" content=\"image\/gif\" \/>\n<meta name=\"twitter:card\" content=\"summary_large_image\" \/>\n<meta name=\"twitter:label1\" content=\"Gesch\u00e4tzte Lesezeit\" \/>\n\t<meta name=\"twitter:data1\" content=\"9\u00a0Minuten\" \/>\n<script type=\"application\/ld+json\" class=\"yoast-schema-graph\">{\"@context\":\"https:\/\/schema.org\",\"@graph\":[{\"@type\":\"WebPage\",\"@id\":\"https:\/\/filma-v.de\/?page_id=43\",\"url\":\"https:\/\/filma-v.de\/?page_id=43\",\"name\":\"Allgemeine Gesch\u00e4ftsbedingungen | Filma-V\",\"isPartOf\":{\"@id\":\"https:\/\/filma-v.de\/#website\"},\"primaryImageOfPage\":{\"@id\":\"https:\/\/filma-v.de\/?page_id=43#primaryimage\"},\"image\":{\"@id\":\"https:\/\/filma-v.de\/?page_id=43#primaryimage\"},\"thumbnailUrl\":\"https:\/\/filma-v.de\/wp-content\/uploads\/2017\/03\/IT-Recht-Plus-e1488719959473.gif\",\"datePublished\":\"2016-05-27T21:29:37+00:00\",\"dateModified\":\"2025-08-02T12:24:13+00:00\",\"description\":\"Allgemeine Gesch\u00e4ftsbedingungen\",\"breadcrumb\":{\"@id\":\"https:\/\/filma-v.de\/?page_id=43#breadcrumb\"},\"inLanguage\":\"de\",\"potentialAction\":[{\"@type\":\"ReadAction\",\"target\":[\"https:\/\/filma-v.de\/?page_id=43\"]}]},{\"@type\":\"ImageObject\",\"inLanguage\":\"de\",\"@id\":\"https:\/\/filma-v.de\/?page_id=43#primaryimage\",\"url\":\"https:\/\/filma-v.de\/wp-content\/uploads\/2017\/03\/IT-Recht-Plus-e1488719959473.gif\",\"contentUrl\":\"https:\/\/filma-v.de\/wp-content\/uploads\/2017\/03\/IT-Recht-Plus-e1488719959473.gif\",\"width\":100,\"height\":92},{\"@type\":\"BreadcrumbList\",\"@id\":\"https:\/\/filma-v.de\/?page_id=43#breadcrumb\",\"itemListElement\":[{\"@type\":\"ListItem\",\"position\":1,\"name\":\"Startseite\",\"item\":\"https:\/\/filma-v.de\/\"},{\"@type\":\"ListItem\",\"position\":2,\"name\":\"AGB&#8217;s\"}]},{\"@type\":\"WebSite\",\"@id\":\"https:\/\/filma-v.de\/#website\",\"url\":\"https:\/\/filma-v.de\/\",\"name\":\"FILMA-V\",\"description\":\"Sat, Kabel, Dreambox, Humax, Topfield, Dreambox, VU+, Kathrein, lnb, Sat-Erotik, PayTV, Anlagen, Sch\u00fcsseln, Satfinder &amp; Pay-TV, Outdoor M\u00f6bel\",\"potentialAction\":[{\"@type\":\"SearchAction\",\"target\":{\"@type\":\"EntryPoint\",\"urlTemplate\":\"https:\/\/filma-v.de\/?s={search_term_string}\"},\"query-input\":{\"@type\":\"PropertyValueSpecification\",\"valueRequired\":true,\"valueName\":\"search_term_string\"}}],\"inLanguage\":\"de\"}]}<\/script>\n<!-- \/ Yoast SEO plugin. -->","yoast_head_json":{"title":"Allgemeine Gesch\u00e4ftsbedingungen | Filma-V","description":"Allgemeine Gesch\u00e4ftsbedingungen","robots":{"index":"index","follow":"follow","max-snippet":"max-snippet:-1","max-image-preview":"max-image-preview:large","max-video-preview":"max-video-preview:-1"},"canonical":"https:\/\/filma-v.de\/?page_id=43","og_locale":"de_DE","og_type":"article","og_title":"Allgemeine Gesch\u00e4ftsbedingungen | Filma-V","og_description":"Allgemeine Gesch\u00e4ftsbedingungen","og_url":"https:\/\/filma-v.de\/?page_id=43","og_site_name":"FILMA-V","article_modified_time":"2025-08-02T12:24:13+00:00","og_image":[{"width":100,"height":92,"url":"https:\/\/filma-v.de\/wp-content\/uploads\/2017\/03\/IT-Recht-Plus-e1488719959473.gif","type":"image\/gif"}],"twitter_card":"summary_large_image","twitter_misc":{"Gesch\u00e4tzte Lesezeit":"9\u00a0Minuten"},"schema":{"@context":"https:\/\/schema.org","@graph":[{"@type":"WebPage","@id":"https:\/\/filma-v.de\/?page_id=43","url":"https:\/\/filma-v.de\/?page_id=43","name":"Allgemeine Gesch\u00e4ftsbedingungen | Filma-V","isPartOf":{"@id":"https:\/\/filma-v.de\/#website"},"primaryImageOfPage":{"@id":"https:\/\/filma-v.de\/?page_id=43#primaryimage"},"image":{"@id":"https:\/\/filma-v.de\/?page_id=43#primaryimage"},"thumbnailUrl":"https:\/\/filma-v.de\/wp-content\/uploads\/2017\/03\/IT-Recht-Plus-e1488719959473.gif","datePublished":"2016-05-27T21:29:37+00:00","dateModified":"2025-08-02T12:24:13+00:00","description":"Allgemeine Gesch\u00e4ftsbedingungen","breadcrumb":{"@id":"https:\/\/filma-v.de\/?page_id=43#breadcrumb"},"inLanguage":"de","potentialAction":[{"@type":"ReadAction","target":["https:\/\/filma-v.de\/?page_id=43"]}]},{"@type":"ImageObject","inLanguage":"de","@id":"https:\/\/filma-v.de\/?page_id=43#primaryimage","url":"https:\/\/filma-v.de\/wp-content\/uploads\/2017\/03\/IT-Recht-Plus-e1488719959473.gif","contentUrl":"https:\/\/filma-v.de\/wp-content\/uploads\/2017\/03\/IT-Recht-Plus-e1488719959473.gif","width":100,"height":92},{"@type":"BreadcrumbList","@id":"https:\/\/filma-v.de\/?page_id=43#breadcrumb","itemListElement":[{"@type":"ListItem","position":1,"name":"Startseite","item":"https:\/\/filma-v.de\/"},{"@type":"ListItem","position":2,"name":"AGB&#8217;s"}]},{"@type":"WebSite","@id":"https:\/\/filma-v.de\/#website","url":"https:\/\/filma-v.de\/","name":"FILMA-V","description":"Sat, Kabel, Dreambox, Humax, Topfield, Dreambox, VU+, Kathrein, lnb, Sat-Erotik, PayTV, Anlagen, Sch\u00fcsseln, Satfinder &amp; Pay-TV, Outdoor M\u00f6bel","potentialAction":[{"@type":"SearchAction","target":{"@type":"EntryPoint","urlTemplate":"https:\/\/filma-v.de\/?s={search_term_string}"},"query-input":{"@type":"PropertyValueSpecification","valueRequired":true,"valueName":"search_term_string"}}],"inLanguage":"de"}]}},"_links":{"self":[{"href":"https:\/\/filma-v.de\/index.php?rest_route=\/wp\/v2\/pages\/43","targetHints":{"allow":["GET"]}}],"collection":[{"href":"https:\/\/filma-v.de\/index.php?rest_route=\/wp\/v2\/pages"}],"about":[{"href":"https:\/\/filma-v.de\/index.php?rest_route=\/wp\/v2\/types\/page"}],"author":[{"embeddable":true,"href":"https:\/\/filma-v.de\/index.php?rest_route=\/wp\/v2\/users\/1"}],"replies":[{"embeddable":true,"href":"https:\/\/filma-v.de\/index.php?rest_route=%2Fwp%2Fv2%2Fcomments&post=43"}],"version-history":[{"count":11,"href":"https:\/\/filma-v.de\/index.php?rest_route=\/wp\/v2\/pages\/43\/revisions"}],"predecessor-version":[{"id":4828,"href":"https:\/\/filma-v.de\/index.php?rest_route=\/wp\/v2\/pages\/43\/revisions\/4828"}],"wp:attachment":[{"href":"https:\/\/filma-v.de\/index.php?rest_route=%2Fwp%2Fv2%2Fmedia&parent=43"}],"curies":[{"name":"wp","href":"https:\/\/api.w.org\/{rel}","templated":true}]}}