{"id":1702,"date":"2017-04-25T22:25:43","date_gmt":"2017-04-25T20:25:43","guid":{"rendered":"https:\/\/filma-v.de\/?post_type=product&#038;p=1702"},"modified":"2024-12-13T16:19:01","modified_gmt":"2024-12-13T15:19:01","slug":"sat-anschlusskabel-f-quick-35-m","status":"publish","type":"product","link":"https:\/\/filma-v.de\/?product=sat-anschlusskabel-f-quick-35-m","title":{"rendered":"SAT Anschlusskabel, F-Quick 3,5 m"},"content":{"rendered":"<div class=\"wpb-content-wrapper\"><p>[vc_row][vc_column][vc_tta_tabs][vc_tta_section title=&#8221;Artikelbeschreibung&#8221; tab_id=&#8221;1464382921179-156eb823-8f811f9e-a2ddce67-45c479d9-0c365227-cde0&#8243;][vc_column_text]Hochdichte doppelte Abschirmung zur st\u00f6rungsfreien Signal\u00fcbertragung<br \/>\nVoll 100% abgeschirmter, beidseitig vergossener F-Stecker; Schutz vor Staub, Schmutz und mechanischen Belastungen<br \/>\nVergoldete, besonders leitf\u00e4hige Kontakte f\u00fcr verlustfreie \u00dcbertragung, Signalqualit\u00e4t[\/vc_column_text][\/vc_tta_section][vc_tta_section title=&#8221;Technische Daten&#8221; tab_id=&#8221;1464383140502-4eb41e34-4e471f9e-a2ddce67-45c479d9-0c365227-cde0&#8243;][vc_column_text]<strong>Anschl\u00fcsse<\/strong><br \/>\nAnschluss, Typ F-Stecker (Quick)<br \/>\nAnschluss 2, Typ F-Stecker (Quick)<br \/>\nAnschluss, Kontaktmaterial vergoldet<br \/>\nAnschluss, Schirmung ja<br \/>\n<strong><br \/>\nKabel<\/strong><br \/>\nKabeltyp Koaxialkabel<br \/>\nKabell\u00e4nge 3,5 m<br \/>\nInnenleiter, Material CCS<br \/>\nDurchmesser Kabelmantel (ca.) 5,3 mm<br \/>\nAnzahl Schirmungen 2 x<br \/>\nTyp 1, Schirmung Folie (Alu)<br \/>\nTyp 2, Schirmung Geflecht (Alu) 112x<br \/>\nSchirmungsma\u00df 80 dB<br \/>\nSignal\u00fcbertragung<br \/>\nWellenwiderstand 75 \u03a9<\/p>\n<p>Material Au\u00dfenmantel PVC<br \/>\nFarbe Wei\u00df [\/vc_column_text][\/vc_tta_section][vc_tta_section title=&#8221;Lieferumfang&#8221; tab_id=&#8221;1492703390305-0c85f724-f4b5&#8243;][vc_column_text]1x Sat Anschlusskabel 3,5 m[\/vc_column_text][\/vc_tta_section][\/vc_tta_tabs][vc_separator style=&#8221;dotted&#8221; border_width=&#8221;2&#8243;][\/vc_column][\/vc_row]<\/p>\n<\/div>","protected":false},"excerpt":{"rendered":"<p>100% geschirmt, vergoldet, Wei\u00df<br \/>\nF-Stecker (Quick)-F-Stecker (Quick)<\/p>\n","protected":false},"featured_media":1754,"template":"","meta":[],"product_cat":[57,89],"product_tag":[],"class_list":{"0":"post-1702","1":"product","2":"type-product","3":"status-publish","4":"has-post-thumbnail","6":"product_cat-zubehoer-2","7":"product_cat-kabel","8":"product_shipping_class-gls","9":"product_brand-goobay","11":"first","12":"instock","13":"shipping-taxable","14":"purchasable","15":"product-type-simple"},"yoast_head":"<!-- This site is optimized with the Yoast SEO plugin v23.8 - https:\/\/yoast.com\/wordpress\/plugins\/seo\/ -->\n<title>SAT Anschlusskabel, F-Quick 3,5 m &#8211; FILMA-V<\/title>\n<meta name=\"robots\" content=\"index, follow, max-snippet:-1, max-image-preview:large, max-video-preview:-1\" \/>\n<link rel=\"canonical\" href=\"https:\/\/filma-v.de\/?product=sat-anschlusskabel-f-quick-35-m\" \/>\n<meta property=\"og:locale\" content=\"de_DE\" \/>\n<meta property=\"og:type\" content=\"article\" \/>\n<meta property=\"og:title\" content=\"SAT Anschlusskabel, F-Quick 3,5 m &#8211; FILMA-V\" \/>\n<meta property=\"og:description\" content=\"100% geschirmt, vergoldet, Wei\u00df F-Stecker (Quick)-F-Stecker (Quick)\" \/>\n<meta property=\"og:url\" content=\"https:\/\/filma-v.de\/?product=sat-anschlusskabel-f-quick-35-m\" \/>\n<meta property=\"og:site_name\" content=\"FILMA-V\" \/>\n<meta property=\"article:modified_time\" content=\"2024-12-13T15:19:01+00:00\" \/>\n<meta property=\"og:image\" content=\"https:\/\/filma-v.de\/wp-content\/uploads\/2017\/04\/SAT-Anschlusskabel-F-Quick-25-m.jpg\" \/>\n\t<meta property=\"og:image:width\" content=\"1500\" \/>\n\t<meta property=\"og:image:height\" content=\"1500\" \/>\n\t<meta property=\"og:image:type\" content=\"image\/jpeg\" \/>\n<meta name=\"twitter:card\" content=\"summary_large_image\" \/>\n<meta name=\"twitter:label1\" content=\"Gesch\u00e4tzte Lesezeit\" \/>\n\t<meta name=\"twitter:data1\" content=\"1\u00a0Minute\" \/>\n<script type=\"application\/ld+json\" class=\"yoast-schema-graph\">{\"@context\":\"https:\/\/schema.org\",\"@graph\":[{\"@type\":\"WebPage\",\"@id\":\"https:\/\/filma-v.de\/?product=sat-anschlusskabel-f-quick-35-m\",\"url\":\"https:\/\/filma-v.de\/?product=sat-anschlusskabel-f-quick-35-m\",\"name\":\"SAT Anschlusskabel, F-Quick 3,5 m &#8211; FILMA-V\",\"isPartOf\":{\"@id\":\"https:\/\/filma-v.de\/#website\"},\"primaryImageOfPage\":{\"@id\":\"https:\/\/filma-v.de\/?product=sat-anschlusskabel-f-quick-35-m#primaryimage\"},\"image\":{\"@id\":\"https:\/\/filma-v.de\/?product=sat-anschlusskabel-f-quick-35-m#primaryimage\"},\"thumbnailUrl\":\"https:\/\/filma-v.de\/wp-content\/uploads\/2017\/04\/SAT-Anschlusskabel-F-Quick-25-m.jpg\",\"datePublished\":\"2017-04-25T20:25:43+00:00\",\"dateModified\":\"2024-12-13T15:19:01+00:00\",\"breadcrumb\":{\"@id\":\"https:\/\/filma-v.de\/?product=sat-anschlusskabel-f-quick-35-m#breadcrumb\"},\"inLanguage\":\"de\",\"potentialAction\":[{\"@type\":\"ReadAction\",\"target\":[\"https:\/\/filma-v.de\/?product=sat-anschlusskabel-f-quick-35-m\"]}]},{\"@type\":\"ImageObject\",\"inLanguage\":\"de\",\"@id\":\"https:\/\/filma-v.de\/?product=sat-anschlusskabel-f-quick-35-m#primaryimage\",\"url\":\"https:\/\/filma-v.de\/wp-content\/uploads\/2017\/04\/SAT-Anschlusskabel-F-Quick-25-m.jpg\",\"contentUrl\":\"https:\/\/filma-v.de\/wp-content\/uploads\/2017\/04\/SAT-Anschlusskabel-F-Quick-25-m.jpg\",\"width\":1500,\"height\":1500,\"caption\":\"SAT Anschlusskabel, F-Quick 2,5 m\"},{\"@type\":\"BreadcrumbList\",\"@id\":\"https:\/\/filma-v.de\/?product=sat-anschlusskabel-f-quick-35-m#breadcrumb\",\"itemListElement\":[{\"@type\":\"ListItem\",\"position\":1,\"name\":\"Startseite\",\"item\":\"https:\/\/filma-v.de\/\"},{\"@type\":\"ListItem\",\"position\":2,\"name\":\"SHOP\",\"item\":\"https:\/\/filma-v.de\/?page_id=5\"},{\"@type\":\"ListItem\",\"position\":3,\"name\":\"SAT Anschlusskabel, F-Quick 3,5 m\"}]},{\"@type\":\"WebSite\",\"@id\":\"https:\/\/filma-v.de\/#website\",\"url\":\"https:\/\/filma-v.de\/\",\"name\":\"FILMA-V\",\"description\":\"Sat, Kabel, Dreambox, Humax, Topfield, Dreambox, VU+, Kathrein, lnb, Sat-Erotik, PayTV, Anlagen, Sch\u00fcsseln, Satfinder &amp; Pay-TV, Outdoor M\u00f6bel\",\"potentialAction\":[{\"@type\":\"SearchAction\",\"target\":{\"@type\":\"EntryPoint\",\"urlTemplate\":\"https:\/\/filma-v.de\/?s={search_term_string}\"},\"query-input\":{\"@type\":\"PropertyValueSpecification\",\"valueRequired\":true,\"valueName\":\"search_term_string\"}}],\"inLanguage\":\"de\"}]}<\/script>\n<!-- \/ Yoast SEO plugin. -->","yoast_head_json":{"title":"SAT Anschlusskabel, F-Quick 3,5 m &#8211; FILMA-V","robots":{"index":"index","follow":"follow","max-snippet":"max-snippet:-1","max-image-preview":"max-image-preview:large","max-video-preview":"max-video-preview:-1"},"canonical":"https:\/\/filma-v.de\/?product=sat-anschlusskabel-f-quick-35-m","og_locale":"de_DE","og_type":"article","og_title":"SAT Anschlusskabel, F-Quick 3,5 m &#8211; FILMA-V","og_description":"100% geschirmt, vergoldet, Wei\u00df F-Stecker (Quick)-F-Stecker (Quick)","og_url":"https:\/\/filma-v.de\/?product=sat-anschlusskabel-f-quick-35-m","og_site_name":"FILMA-V","article_modified_time":"2024-12-13T15:19:01+00:00","og_image":[{"width":1500,"height":1500,"url":"https:\/\/filma-v.de\/wp-content\/uploads\/2017\/04\/SAT-Anschlusskabel-F-Quick-25-m.jpg","type":"image\/jpeg"}],"twitter_card":"summary_large_image","twitter_misc":{"Gesch\u00e4tzte Lesezeit":"1\u00a0Minute"},"schema":{"@context":"https:\/\/schema.org","@graph":[{"@type":"WebPage","@id":"https:\/\/filma-v.de\/?product=sat-anschlusskabel-f-quick-35-m","url":"https:\/\/filma-v.de\/?product=sat-anschlusskabel-f-quick-35-m","name":"SAT Anschlusskabel, F-Quick 3,5 m &#8211; FILMA-V","isPartOf":{"@id":"https:\/\/filma-v.de\/#website"},"primaryImageOfPage":{"@id":"https:\/\/filma-v.de\/?product=sat-anschlusskabel-f-quick-35-m#primaryimage"},"image":{"@id":"https:\/\/filma-v.de\/?product=sat-anschlusskabel-f-quick-35-m#primaryimage"},"thumbnailUrl":"https:\/\/filma-v.de\/wp-content\/uploads\/2017\/04\/SAT-Anschlusskabel-F-Quick-25-m.jpg","datePublished":"2017-04-25T20:25:43+00:00","dateModified":"2024-12-13T15:19:01+00:00","breadcrumb":{"@id":"https:\/\/filma-v.de\/?product=sat-anschlusskabel-f-quick-35-m#breadcrumb"},"inLanguage":"de","potentialAction":[{"@type":"ReadAction","target":["https:\/\/filma-v.de\/?product=sat-anschlusskabel-f-quick-35-m"]}]},{"@type":"ImageObject","inLanguage":"de","@id":"https:\/\/filma-v.de\/?product=sat-anschlusskabel-f-quick-35-m#primaryimage","url":"https:\/\/filma-v.de\/wp-content\/uploads\/2017\/04\/SAT-Anschlusskabel-F-Quick-25-m.jpg","contentUrl":"https:\/\/filma-v.de\/wp-content\/uploads\/2017\/04\/SAT-Anschlusskabel-F-Quick-25-m.jpg","width":1500,"height":1500,"caption":"SAT Anschlusskabel, F-Quick 2,5 m"},{"@type":"BreadcrumbList","@id":"https:\/\/filma-v.de\/?product=sat-anschlusskabel-f-quick-35-m#breadcrumb","itemListElement":[{"@type":"ListItem","position":1,"name":"Startseite","item":"https:\/\/filma-v.de\/"},{"@type":"ListItem","position":2,"name":"SHOP","item":"https:\/\/filma-v.de\/?page_id=5"},{"@type":"ListItem","position":3,"name":"SAT Anschlusskabel, F-Quick 3,5 m"}]},{"@type":"WebSite","@id":"https:\/\/filma-v.de\/#website","url":"https:\/\/filma-v.de\/","name":"FILMA-V","description":"Sat, Kabel, Dreambox, Humax, Topfield, Dreambox, VU+, Kathrein, lnb, Sat-Erotik, PayTV, Anlagen, Sch\u00fcsseln, Satfinder &amp; Pay-TV, Outdoor M\u00f6bel","potentialAction":[{"@type":"SearchAction","target":{"@type":"EntryPoint","urlTemplate":"https:\/\/filma-v.de\/?s={search_term_string}"},"query-input":{"@type":"PropertyValueSpecification","valueRequired":true,"valueName":"search_term_string"}}],"inLanguage":"de"}]}},"_links":{"self":[{"href":"https:\/\/filma-v.de\/index.php?rest_route=\/wp\/v2\/product\/1702","targetHints":{"allow":["GET"]}}],"collection":[{"href":"https:\/\/filma-v.de\/index.php?rest_route=\/wp\/v2\/product"}],"about":[{"href":"https:\/\/filma-v.de\/index.php?rest_route=\/wp\/v2\/types\/product"}],"wp:featuredmedia":[{"embeddable":true,"href":"https:\/\/filma-v.de\/index.php?rest_route=\/wp\/v2\/media\/1754"}],"wp:attachment":[{"href":"https:\/\/filma-v.de\/index.php?rest_route=%2Fwp%2Fv2%2Fmedia&parent=1702"}],"wp:term":[{"taxonomy":"product_cat","embeddable":true,"href":"https:\/\/filma-v.de\/index.php?rest_route=%2Fwp%2Fv2%2Fproduct_cat&post=1702"},{"taxonomy":"product_tag","embeddable":true,"href":"https:\/\/filma-v.de\/index.php?rest_route=%2Fwp%2Fv2%2Fproduct_tag&post=1702"}],"curies":[{"name":"wp","href":"https:\/\/api.w.org\/{rel}","templated":true}]}}