{"id":2847,"date":"2018-03-08T14:22:43","date_gmt":"2018-03-08T13:22:43","guid":{"rendered":"https:\/\/filma-v.de\/?post_type=product&#038;p=2847"},"modified":"2024-12-13T15:35:32","modified_gmt":"2024-12-13T14:35:32","slug":"megasat-quattro-hd-profi-lnb","status":"publish","type":"product","link":"https:\/\/filma-v.de\/?product=megasat-quattro-hd-profi-lnb","title":{"rendered":"Megasat Quattro HD-Profi LNB"},"content":{"rendered":"<div class=\"wpb-content-wrapper\"><p>[vc_row][vc_column][vc_tta_tabs][vc_tta_section title=&#8221;Artikelbeschreibung&#8221; tab_id=&#8221;1464382921179-156eb823-8f811f9e-a2dd1f92-022d0e27-dd8d7d0b-1ab7&#8243;][vc_column_text]Hier wurden die F-Anschl\u00fcsse f\u00fcr eine bessere Leitf\u00e4higkeit vergoldet, um das bestm\u00f6gliche Bild auf Ihrem TV zu gew\u00e4hrleisten. Der Empfang von HD, 3D oder 4K Programmen ist mit diesen LNBs garantiert.<\/p>\n<p>Das LNB ist f\u00fcr den Betrieb an einem Multischalter geeignet. Die vier F-Anschl\u00fcsse sind unterteilt in den jeweiligen Empfangsebenen: Horizontal High (HH), Vertikal High (VH), Horizontal Low (HL) und Vertikal Low (VL). Der ausziehbare Wetterschutz sch\u00fctzt die F-Buchse vor Schnee und Regen. Durch ein sehr niedriges Rauschma\u00df von nur 0,1 dB ist eine hervorragende Bild- und Tonqualit\u00e4t gew\u00e4hrleistet.<br \/>\n[\/vc_column_text][\/vc_tta_section][vc_tta_section title=&#8221;Ausstattung&#8221; tab_id=&#8221;1464383140502-4eb41e34-4e471f9e-a2dd1f92-022d0e27-dd8d7d0b-1ab7&#8243;][vc_column_text]Anzahl der Teilnehmer: je nach Multischalter<br \/>\nRauschma\u00df: 0,1 dB<br \/>\nEingangsfrequenzbereich: 10.7 \u2013 12.75 GHz<br \/>\nOszillatorfrequenz: 9.75 \u2013 10.6 GHz<br \/>\nSignalverst\u00e4rkung: 60 dB<br \/>\nEigenschaften: extrem hitze- und k\u00e4ltebest\u00e4ndig<br \/>\nZusatzfunktion: ausziehbarer Wetterschutz<br \/>\nFeed Durchmesser: 40 mm[\/vc_column_text][\/vc_tta_section][vc_tta_section title=&#8221;Lieferumfang&#8221; tab_id=&#8221;1520515192802-f2578dc9-c990&#8243;][vc_column_text]1x HD-Profi Quattro LNB<br \/>\n1x Installationsanleitung[\/vc_column_text][\/vc_tta_section][\/vc_tta_tabs][vc_separator style=&#8221;dotted&#8221; border_width=&#8221;2&#8243;][\/vc_column][\/vc_row]<\/p>\n<\/div>","protected":false},"excerpt":{"rendered":"<p>HD-Profi LNB bedeutet beste Qualit\u00e4t.<\/p>\n","protected":false},"featured_media":2848,"template":"","meta":[],"product_cat":[71,75],"product_tag":[],"class_list":{"0":"post-2847","1":"product","2":"type-product","3":"status-publish","4":"has-post-thumbnail","6":"product_cat-lnbs","7":"product_cat-quattro-lnb","8":"product_shipping_class-gls","9":"product_brand-megasat","11":"first","12":"instock","13":"shipping-taxable","14":"purchasable","15":"product-type-simple"},"yoast_head":"<!-- This site is optimized with the Yoast SEO plugin v23.8 - https:\/\/yoast.com\/wordpress\/plugins\/seo\/ -->\n<title>Megasat Quattro HD-Profi LNB &#8211; FILMA-V<\/title>\n<meta name=\"description\" content=\"Megasat Quattro HD-Profi LNB multischalter filma firma-v ulm multifeed\" \/>\n<meta name=\"robots\" content=\"index, follow, max-snippet:-1, max-image-preview:large, max-video-preview:-1\" \/>\n<link rel=\"canonical\" href=\"https:\/\/filma-v.de\/?product=megasat-quattro-hd-profi-lnb\" \/>\n<meta property=\"og:locale\" content=\"de_DE\" \/>\n<meta property=\"og:type\" content=\"article\" \/>\n<meta property=\"og:title\" content=\"Megasat Quattro HD-Profi LNB &#8211; FILMA-V\" \/>\n<meta property=\"og:description\" content=\"Megasat Quattro HD-Profi LNB multischalter filma firma-v ulm multifeed\" \/>\n<meta property=\"og:url\" content=\"https:\/\/filma-v.de\/?product=megasat-quattro-hd-profi-lnb\" \/>\n<meta property=\"og:site_name\" content=\"FILMA-V\" \/>\n<meta property=\"article:modified_time\" content=\"2024-12-13T14:35:32+00:00\" \/>\n<meta property=\"og:image\" content=\"https:\/\/filma-v.de\/wp-content\/uploads\/2018\/03\/megasat_hd_profi_quattro_lnb_frontansicht.png\" \/>\n\t<meta property=\"og:image:width\" content=\"500\" \/>\n\t<meta property=\"og:image:height\" content=\"500\" \/>\n\t<meta property=\"og:image:type\" content=\"image\/png\" \/>\n<meta name=\"twitter:card\" content=\"summary_large_image\" \/>\n<meta name=\"twitter:label1\" content=\"Gesch\u00e4tzte Lesezeit\" \/>\n\t<meta name=\"twitter:data1\" content=\"1\u00a0Minute\" \/>\n<script type=\"application\/ld+json\" class=\"yoast-schema-graph\">{\"@context\":\"https:\/\/schema.org\",\"@graph\":[{\"@type\":\"WebPage\",\"@id\":\"https:\/\/filma-v.de\/?product=megasat-quattro-hd-profi-lnb\",\"url\":\"https:\/\/filma-v.de\/?product=megasat-quattro-hd-profi-lnb\",\"name\":\"Megasat Quattro HD-Profi LNB &#8211; FILMA-V\",\"isPartOf\":{\"@id\":\"https:\/\/filma-v.de\/#website\"},\"primaryImageOfPage\":{\"@id\":\"https:\/\/filma-v.de\/?product=megasat-quattro-hd-profi-lnb#primaryimage\"},\"image\":{\"@id\":\"https:\/\/filma-v.de\/?product=megasat-quattro-hd-profi-lnb#primaryimage\"},\"thumbnailUrl\":\"https:\/\/filma-v.de\/wp-content\/uploads\/2018\/03\/megasat_hd_profi_quattro_lnb_frontansicht.png\",\"datePublished\":\"2018-03-08T13:22:43+00:00\",\"dateModified\":\"2024-12-13T14:35:32+00:00\",\"description\":\"Megasat Quattro HD-Profi LNB multischalter filma firma-v ulm multifeed\",\"breadcrumb\":{\"@id\":\"https:\/\/filma-v.de\/?product=megasat-quattro-hd-profi-lnb#breadcrumb\"},\"inLanguage\":\"de\",\"potentialAction\":[{\"@type\":\"ReadAction\",\"target\":[\"https:\/\/filma-v.de\/?product=megasat-quattro-hd-profi-lnb\"]}]},{\"@type\":\"ImageObject\",\"inLanguage\":\"de\",\"@id\":\"https:\/\/filma-v.de\/?product=megasat-quattro-hd-profi-lnb#primaryimage\",\"url\":\"https:\/\/filma-v.de\/wp-content\/uploads\/2018\/03\/megasat_hd_profi_quattro_lnb_frontansicht.png\",\"contentUrl\":\"https:\/\/filma-v.de\/wp-content\/uploads\/2018\/03\/megasat_hd_profi_quattro_lnb_frontansicht.png\",\"width\":500,\"height\":500},{\"@type\":\"BreadcrumbList\",\"@id\":\"https:\/\/filma-v.de\/?product=megasat-quattro-hd-profi-lnb#breadcrumb\",\"itemListElement\":[{\"@type\":\"ListItem\",\"position\":1,\"name\":\"Startseite\",\"item\":\"https:\/\/filma-v.de\/\"},{\"@type\":\"ListItem\",\"position\":2,\"name\":\"SHOP\",\"item\":\"https:\/\/filma-v.de\/?page_id=5\"},{\"@type\":\"ListItem\",\"position\":3,\"name\":\"Megasat Quattro HD-Profi LNB\"}]},{\"@type\":\"WebSite\",\"@id\":\"https:\/\/filma-v.de\/#website\",\"url\":\"https:\/\/filma-v.de\/\",\"name\":\"FILMA-V\",\"description\":\"Sat, Kabel, Dreambox, Humax, Topfield, Dreambox, VU+, Kathrein, lnb, Sat-Erotik, PayTV, Anlagen, Sch\u00fcsseln, Satfinder &amp; Pay-TV, Outdoor M\u00f6bel\",\"potentialAction\":[{\"@type\":\"SearchAction\",\"target\":{\"@type\":\"EntryPoint\",\"urlTemplate\":\"https:\/\/filma-v.de\/?s={search_term_string}\"},\"query-input\":{\"@type\":\"PropertyValueSpecification\",\"valueRequired\":true,\"valueName\":\"search_term_string\"}}],\"inLanguage\":\"de\"}]}<\/script>\n<!-- \/ Yoast SEO plugin. -->","yoast_head_json":{"title":"Megasat Quattro HD-Profi LNB &#8211; FILMA-V","description":"Megasat Quattro HD-Profi LNB multischalter filma firma-v ulm multifeed","robots":{"index":"index","follow":"follow","max-snippet":"max-snippet:-1","max-image-preview":"max-image-preview:large","max-video-preview":"max-video-preview:-1"},"canonical":"https:\/\/filma-v.de\/?product=megasat-quattro-hd-profi-lnb","og_locale":"de_DE","og_type":"article","og_title":"Megasat Quattro HD-Profi LNB &#8211; FILMA-V","og_description":"Megasat Quattro HD-Profi LNB multischalter filma firma-v ulm multifeed","og_url":"https:\/\/filma-v.de\/?product=megasat-quattro-hd-profi-lnb","og_site_name":"FILMA-V","article_modified_time":"2024-12-13T14:35:32+00:00","og_image":[{"width":500,"height":500,"url":"https:\/\/filma-v.de\/wp-content\/uploads\/2018\/03\/megasat_hd_profi_quattro_lnb_frontansicht.png","type":"image\/png"}],"twitter_card":"summary_large_image","twitter_misc":{"Gesch\u00e4tzte Lesezeit":"1\u00a0Minute"},"schema":{"@context":"https:\/\/schema.org","@graph":[{"@type":"WebPage","@id":"https:\/\/filma-v.de\/?product=megasat-quattro-hd-profi-lnb","url":"https:\/\/filma-v.de\/?product=megasat-quattro-hd-profi-lnb","name":"Megasat Quattro HD-Profi LNB &#8211; FILMA-V","isPartOf":{"@id":"https:\/\/filma-v.de\/#website"},"primaryImageOfPage":{"@id":"https:\/\/filma-v.de\/?product=megasat-quattro-hd-profi-lnb#primaryimage"},"image":{"@id":"https:\/\/filma-v.de\/?product=megasat-quattro-hd-profi-lnb#primaryimage"},"thumbnailUrl":"https:\/\/filma-v.de\/wp-content\/uploads\/2018\/03\/megasat_hd_profi_quattro_lnb_frontansicht.png","datePublished":"2018-03-08T13:22:43+00:00","dateModified":"2024-12-13T14:35:32+00:00","description":"Megasat Quattro HD-Profi LNB multischalter filma firma-v ulm multifeed","breadcrumb":{"@id":"https:\/\/filma-v.de\/?product=megasat-quattro-hd-profi-lnb#breadcrumb"},"inLanguage":"de","potentialAction":[{"@type":"ReadAction","target":["https:\/\/filma-v.de\/?product=megasat-quattro-hd-profi-lnb"]}]},{"@type":"ImageObject","inLanguage":"de","@id":"https:\/\/filma-v.de\/?product=megasat-quattro-hd-profi-lnb#primaryimage","url":"https:\/\/filma-v.de\/wp-content\/uploads\/2018\/03\/megasat_hd_profi_quattro_lnb_frontansicht.png","contentUrl":"https:\/\/filma-v.de\/wp-content\/uploads\/2018\/03\/megasat_hd_profi_quattro_lnb_frontansicht.png","width":500,"height":500},{"@type":"BreadcrumbList","@id":"https:\/\/filma-v.de\/?product=megasat-quattro-hd-profi-lnb#breadcrumb","itemListElement":[{"@type":"ListItem","position":1,"name":"Startseite","item":"https:\/\/filma-v.de\/"},{"@type":"ListItem","position":2,"name":"SHOP","item":"https:\/\/filma-v.de\/?page_id=5"},{"@type":"ListItem","position":3,"name":"Megasat Quattro HD-Profi LNB"}]},{"@type":"WebSite","@id":"https:\/\/filma-v.de\/#website","url":"https:\/\/filma-v.de\/","name":"FILMA-V","description":"Sat, Kabel, Dreambox, Humax, Topfield, Dreambox, VU+, Kathrein, lnb, Sat-Erotik, PayTV, Anlagen, Sch\u00fcsseln, Satfinder &amp; Pay-TV, Outdoor M\u00f6bel","potentialAction":[{"@type":"SearchAction","target":{"@type":"EntryPoint","urlTemplate":"https:\/\/filma-v.de\/?s={search_term_string}"},"query-input":{"@type":"PropertyValueSpecification","valueRequired":true,"valueName":"search_term_string"}}],"inLanguage":"de"}]}},"_links":{"self":[{"href":"https:\/\/filma-v.de\/index.php?rest_route=\/wp\/v2\/product\/2847","targetHints":{"allow":["GET"]}}],"collection":[{"href":"https:\/\/filma-v.de\/index.php?rest_route=\/wp\/v2\/product"}],"about":[{"href":"https:\/\/filma-v.de\/index.php?rest_route=\/wp\/v2\/types\/product"}],"wp:featuredmedia":[{"embeddable":true,"href":"https:\/\/filma-v.de\/index.php?rest_route=\/wp\/v2\/media\/2848"}],"wp:attachment":[{"href":"https:\/\/filma-v.de\/index.php?rest_route=%2Fwp%2Fv2%2Fmedia&parent=2847"}],"wp:term":[{"taxonomy":"product_cat","embeddable":true,"href":"https:\/\/filma-v.de\/index.php?rest_route=%2Fwp%2Fv2%2Fproduct_cat&post=2847"},{"taxonomy":"product_tag","embeddable":true,"href":"https:\/\/filma-v.de\/index.php?rest_route=%2Fwp%2Fv2%2Fproduct_tag&post=2847"}],"curies":[{"name":"wp","href":"https:\/\/api.w.org\/{rel}","templated":true}]}}