{"id":3610,"date":"2020-06-22T16:34:41","date_gmt":"2020-06-22T14:34:41","guid":{"rendered":"https:\/\/filma-v.de\/?post_type=product&#038;p=3610"},"modified":"2025-06-16T16:05:31","modified_gmt":"2025-06-16T14:05:31","slug":"sonnenliege-royalblau","status":"publish","type":"product","link":"https:\/\/filma-v.de\/?product=sonnenliege-royalblau","title":{"rendered":"Sonnenliege Royalblau"},"content":{"rendered":"<div class=\"wpb-content-wrapper\"><p>[vc_row][vc_column][vc_column_text]Der Rahmen der Gartenliege Modell\u00a0\u00a0\u201cEXTRA PESANTE MARE\u201d sieht gut aus und ist besonders geeignet f\u00fcr das Meer, Schwimmb\u00e4der und Hotels, ebenso wie f\u00fcr die Nutzung in Skigebieten.<br \/>\nDie Liege ist so konzipiert, dass auch bei einer maximalen Belastung <strong>(ca. 470 kg)<\/strong> alle seine Teile standhaft sind.<\/p>\n<p>Die Kunststoffverbindungen wurden patentiert.<br \/>\nDas Produkt ist nicht zu vergleichen mit anderen unter 150,00 Euro.[\/vc_column_text][vc_tta_tabs][vc_tta_section title=&#8221;Technische Daten&#8221; tab_id=&#8221;1464383140502-4eb41e34-4e471f9e-a2ddd6f1-ee7b2716-32a6ba8c-780ccee7-56825b38-160b245e-ee8e&#8221;][vc_column_text]\u2022Rahmen besteht aus einem mit speziellen Profilen in Aluminium nach unserem Konzept gebaut, prim\u00e4re Legierung Uni 3569<br \/>\n\u2022 der physikalische Zustand ist TA16, mit der H\u00e4rte von 70\/80 Brinell<br \/>\n\u2022 die Art Satin Eloxieren Chemie, mit der H\u00e4rte von 20 microms<br \/>\n\u2022 Nieten, Schrauben, Muttern, Unterlegscheiben und Zirkel sind aus Edelstahl AISI 304<br \/>\n\u2022 mittlere Dicke der Rohre m \/m\u00a0 1,5 bis m \/ m 1,8 auf der Basis des Hauptholm<br \/>\n\u2022 aus geh\u00e4rtetem Aluminium Nieten \u00d8 m\/m 6 L\u00e4nge m \/ m 15<br \/>\n\u2022 Gesamtgewicht des Liegestuhls ca. 9 kg[\/vc_column_text][\/vc_tta_section][vc_tta_section title=&#8221;Ma\u00dfe&#8221; tab_id=&#8221;1487439469282-a0e7be35-742b2716-32a6ba8c-780ccee7-56825b38-160b245e-ee8e&#8221;][vc_column_text]<\/p>\n<table border=\"0\" width=\"160\" cellspacing=\"0\" cellpadding=\"0\">\n<colgroup>\n<col width=\"80\" \/>\n<col width=\"80\" \/><\/colgroup>\n<tbody>\n<tr>\n<td class=\"xl24\" width=\"80\" height=\"17\">L\u00e4nge<\/td>\n<td class=\"xl25\" width=\"80\">geschlossen 152 cm<\/p>\n<p>ge\u00f6ffnet 181 cm<\/td>\n<\/tr>\n<tr>\n<td class=\"xl24\" height=\"17\">Breite<\/td>\n<td class=\"xl25\">72 cm<\/td>\n<\/tr>\n<tr>\n<td class=\"xl24\" height=\"17\">Tiefe<\/td>\n<td class=\"xl25\">9 cm (geschlossen)<\/td>\n<\/tr>\n<tr>\n<td class=\"xl24\" height=\"17\">Sitzh\u00f6he<\/td>\n<td class=\"xl25\">50 cm<\/td>\n<\/tr>\n<\/tbody>\n<\/table>\n<p>[\/vc_column_text][\/vc_tta_section][vc_tta_section title=&#8221;Pflege&#8221; tab_id=&#8221;1487440250379-fd762a2a-d06f2716-32a6ba8c-780ccee7-56825b38-160b245e-ee8e&#8221;][vc_column_text]Waschen Sie den Stoff mit Wasser und milder Seife.<br \/>\nVerwenden Sie kein Wasser das hei\u00dfer als 40 \u00b0C ist.<\/p>\n<p>Reinigen Sie mindestens einmal im Jahr den Rahmen mit einem Tuch gesalbt mit Vaseline und Edelstahl-Produkte f\u00fcr die Reinigung von Metall.[\/vc_column_text][\/vc_tta_section][\/vc_tta_tabs][vc_separator style=&#8221;dotted&#8221; border_width=&#8221;2&#8243;][vc_row_inner][vc_column_inner width=&#8221;2\/3&#8243;][vc_column_text]Bei uns erhalten Sie ein Qualit\u00e4tsprodukt, welches sonst nirgends zu finden ist.<br \/>\n<strong>Der Hersteller gibt eine Garantie von 10 Jahren.<\/strong><br \/>\nDie Kunststoffverbindungen wurden patentiert. Das Produkt ist nicht zu vergleichen mit anderen sich auf dem Markt befindlichen Regiest\u00fchlen.[\/vc_column_text][\/vc_column_inner][vc_column_inner width=&#8221;1\/3&#8243;][vc_cta h2=&#8221;FILMA-V OUTDOOR&#8221; txt_align=&#8221;center&#8221; style=&#8221;outline&#8221; color=&#8221;black&#8221; add_button=&#8221;bottom&#8221; btn_title=&#8221;Mehr Info&#8217;s gibt es hier.&#8221; btn_style=&#8221;outline&#8221; btn_color=&#8221;black&#8221; btn_align=&#8221;center&#8221; btn_link=&#8221;url:http%3A%2F%2Fwww.filma-v-outdoor.de||target:%20_blank|&#8221;][\/vc_cta][\/vc_column_inner][\/vc_row_inner][vc_separator style=&#8221;dotted&#8221; border_width=&#8221;2&#8243;][\/vc_column][\/vc_row]<\/p>\n<\/div>","protected":false},"excerpt":{"rendered":"<p>Sonnenliege in ROYALBLAU, der Stil und die Qualit\u00e4t \u201cMade in Italy\u201d<\/p>\n<p><strong>Preis inkl. Versandkosten! (Gilt nur bei Versand innerhalb Deutschlands!)<\/strong><\/p>\n<p><strong>Kein Versand per Nachnahme!<\/strong><\/p>\n<p>Firma Nanni nun auch in Deutschland pr\u00e4sent durch: Filma-V<\/p>\n","protected":false},"featured_media":3611,"template":"","meta":[],"product_cat":[48,52],"product_tag":[],"class_list":{"0":"post-3610","1":"product","2":"type-product","3":"status-publish","4":"has-post-thumbnail","6":"product_cat-garten-und-terrassenmoebel","7":"product_cat-sonnenliege","8":"product_shipping_class-inkl-versand","9":"product_brand-nanni-sald","11":"first","12":"instock","13":"shipping-taxable","14":"purchasable","15":"product-type-simple"},"yoast_head":"<!-- This site is optimized with the Yoast SEO plugin v23.8 - https:\/\/yoast.com\/wordpress\/plugins\/seo\/ -->\n<title>Sonnenliege Royalblau &#8211; FILMA-V<\/title>\n<meta name=\"description\" content=\"Sonnenliege, Liegestuhl, Gartenliege, Strandliege, sommer, garten, ulm filma firma, italien, luxus, bequem\" \/>\n<meta name=\"robots\" content=\"index, follow, max-snippet:-1, max-image-preview:large, max-video-preview:-1\" \/>\n<link rel=\"canonical\" href=\"https:\/\/filma-v.de\/?product=sonnenliege-royalblau\" \/>\n<meta property=\"og:locale\" content=\"de_DE\" \/>\n<meta property=\"og:type\" content=\"article\" \/>\n<meta property=\"og:title\" content=\"Sonnenliege Royalblau &#8211; FILMA-V\" \/>\n<meta property=\"og:description\" content=\"Sonnenliege, Liegestuhl, Gartenliege, Strandliege, sommer, garten, ulm filma firma, italien, luxus, bequem\" \/>\n<meta property=\"og:url\" content=\"https:\/\/filma-v.de\/?product=sonnenliege-royalblau\" \/>\n<meta property=\"og:site_name\" content=\"FILMA-V\" \/>\n<meta property=\"article:modified_time\" content=\"2025-06-16T14:05:31+00:00\" \/>\n<meta property=\"og:image\" content=\"https:\/\/filma-v.de\/wp-content\/uploads\/2020\/06\/IMG_9830-scaled.jpg\" \/>\n\t<meta property=\"og:image:width\" content=\"2560\" \/>\n\t<meta property=\"og:image:height\" content=\"1707\" \/>\n\t<meta property=\"og:image:type\" content=\"image\/jpeg\" \/>\n<meta name=\"twitter:card\" content=\"summary_large_image\" \/>\n<meta name=\"twitter:label1\" content=\"Gesch\u00e4tzte Lesezeit\" \/>\n\t<meta name=\"twitter:data1\" content=\"2\u00a0Minuten\" \/>\n<script type=\"application\/ld+json\" class=\"yoast-schema-graph\">{\"@context\":\"https:\/\/schema.org\",\"@graph\":[{\"@type\":\"WebPage\",\"@id\":\"https:\/\/filma-v.de\/?product=sonnenliege-royalblau\",\"url\":\"https:\/\/filma-v.de\/?product=sonnenliege-royalblau\",\"name\":\"Sonnenliege Royalblau &#8211; FILMA-V\",\"isPartOf\":{\"@id\":\"https:\/\/filma-v.de\/#website\"},\"primaryImageOfPage\":{\"@id\":\"https:\/\/filma-v.de\/?product=sonnenliege-royalblau#primaryimage\"},\"image\":{\"@id\":\"https:\/\/filma-v.de\/?product=sonnenliege-royalblau#primaryimage\"},\"thumbnailUrl\":\"https:\/\/filma-v.de\/wp-content\/uploads\/2020\/06\/IMG_9830-scaled.jpg\",\"datePublished\":\"2020-06-22T14:34:41+00:00\",\"dateModified\":\"2025-06-16T14:05:31+00:00\",\"description\":\"Sonnenliege, Liegestuhl, Gartenliege, Strandliege, sommer, garten, ulm filma firma, italien, luxus, bequem\",\"breadcrumb\":{\"@id\":\"https:\/\/filma-v.de\/?product=sonnenliege-royalblau#breadcrumb\"},\"inLanguage\":\"de\",\"potentialAction\":[{\"@type\":\"ReadAction\",\"target\":[\"https:\/\/filma-v.de\/?product=sonnenliege-royalblau\"]}]},{\"@type\":\"ImageObject\",\"inLanguage\":\"de\",\"@id\":\"https:\/\/filma-v.de\/?product=sonnenliege-royalblau#primaryimage\",\"url\":\"https:\/\/filma-v.de\/wp-content\/uploads\/2020\/06\/IMG_9830-scaled.jpg\",\"contentUrl\":\"https:\/\/filma-v.de\/wp-content\/uploads\/2020\/06\/IMG_9830-scaled.jpg\",\"width\":2560,\"height\":1707},{\"@type\":\"BreadcrumbList\",\"@id\":\"https:\/\/filma-v.de\/?product=sonnenliege-royalblau#breadcrumb\",\"itemListElement\":[{\"@type\":\"ListItem\",\"position\":1,\"name\":\"Startseite\",\"item\":\"https:\/\/filma-v.de\/\"},{\"@type\":\"ListItem\",\"position\":2,\"name\":\"SHOP\",\"item\":\"https:\/\/filma-v.de\/?page_id=5\"},{\"@type\":\"ListItem\",\"position\":3,\"name\":\"Sonnenliege Royalblau\"}]},{\"@type\":\"WebSite\",\"@id\":\"https:\/\/filma-v.de\/#website\",\"url\":\"https:\/\/filma-v.de\/\",\"name\":\"FILMA-V\",\"description\":\"Sat, Kabel, Dreambox, Humax, Topfield, Dreambox, VU+, Kathrein, lnb, Sat-Erotik, PayTV, Anlagen, Sch\u00fcsseln, Satfinder &amp; Pay-TV, Outdoor M\u00f6bel\",\"potentialAction\":[{\"@type\":\"SearchAction\",\"target\":{\"@type\":\"EntryPoint\",\"urlTemplate\":\"https:\/\/filma-v.de\/?s={search_term_string}\"},\"query-input\":{\"@type\":\"PropertyValueSpecification\",\"valueRequired\":true,\"valueName\":\"search_term_string\"}}],\"inLanguage\":\"de\"}]}<\/script>\n<!-- \/ Yoast SEO plugin. -->","yoast_head_json":{"title":"Sonnenliege Royalblau &#8211; FILMA-V","description":"Sonnenliege, Liegestuhl, Gartenliege, Strandliege, sommer, garten, ulm filma firma, italien, luxus, bequem","robots":{"index":"index","follow":"follow","max-snippet":"max-snippet:-1","max-image-preview":"max-image-preview:large","max-video-preview":"max-video-preview:-1"},"canonical":"https:\/\/filma-v.de\/?product=sonnenliege-royalblau","og_locale":"de_DE","og_type":"article","og_title":"Sonnenliege Royalblau &#8211; FILMA-V","og_description":"Sonnenliege, Liegestuhl, Gartenliege, Strandliege, sommer, garten, ulm filma firma, italien, luxus, bequem","og_url":"https:\/\/filma-v.de\/?product=sonnenliege-royalblau","og_site_name":"FILMA-V","article_modified_time":"2025-06-16T14:05:31+00:00","og_image":[{"width":2560,"height":1707,"url":"https:\/\/filma-v.de\/wp-content\/uploads\/2020\/06\/IMG_9830-scaled.jpg","type":"image\/jpeg"}],"twitter_card":"summary_large_image","twitter_misc":{"Gesch\u00e4tzte Lesezeit":"2\u00a0Minuten"},"schema":{"@context":"https:\/\/schema.org","@graph":[{"@type":"WebPage","@id":"https:\/\/filma-v.de\/?product=sonnenliege-royalblau","url":"https:\/\/filma-v.de\/?product=sonnenliege-royalblau","name":"Sonnenliege Royalblau &#8211; FILMA-V","isPartOf":{"@id":"https:\/\/filma-v.de\/#website"},"primaryImageOfPage":{"@id":"https:\/\/filma-v.de\/?product=sonnenliege-royalblau#primaryimage"},"image":{"@id":"https:\/\/filma-v.de\/?product=sonnenliege-royalblau#primaryimage"},"thumbnailUrl":"https:\/\/filma-v.de\/wp-content\/uploads\/2020\/06\/IMG_9830-scaled.jpg","datePublished":"2020-06-22T14:34:41+00:00","dateModified":"2025-06-16T14:05:31+00:00","description":"Sonnenliege, Liegestuhl, Gartenliege, Strandliege, sommer, garten, ulm filma firma, italien, luxus, bequem","breadcrumb":{"@id":"https:\/\/filma-v.de\/?product=sonnenliege-royalblau#breadcrumb"},"inLanguage":"de","potentialAction":[{"@type":"ReadAction","target":["https:\/\/filma-v.de\/?product=sonnenliege-royalblau"]}]},{"@type":"ImageObject","inLanguage":"de","@id":"https:\/\/filma-v.de\/?product=sonnenliege-royalblau#primaryimage","url":"https:\/\/filma-v.de\/wp-content\/uploads\/2020\/06\/IMG_9830-scaled.jpg","contentUrl":"https:\/\/filma-v.de\/wp-content\/uploads\/2020\/06\/IMG_9830-scaled.jpg","width":2560,"height":1707},{"@type":"BreadcrumbList","@id":"https:\/\/filma-v.de\/?product=sonnenliege-royalblau#breadcrumb","itemListElement":[{"@type":"ListItem","position":1,"name":"Startseite","item":"https:\/\/filma-v.de\/"},{"@type":"ListItem","position":2,"name":"SHOP","item":"https:\/\/filma-v.de\/?page_id=5"},{"@type":"ListItem","position":3,"name":"Sonnenliege Royalblau"}]},{"@type":"WebSite","@id":"https:\/\/filma-v.de\/#website","url":"https:\/\/filma-v.de\/","name":"FILMA-V","description":"Sat, Kabel, Dreambox, Humax, Topfield, Dreambox, VU+, Kathrein, lnb, Sat-Erotik, PayTV, Anlagen, Sch\u00fcsseln, Satfinder &amp; Pay-TV, Outdoor M\u00f6bel","potentialAction":[{"@type":"SearchAction","target":{"@type":"EntryPoint","urlTemplate":"https:\/\/filma-v.de\/?s={search_term_string}"},"query-input":{"@type":"PropertyValueSpecification","valueRequired":true,"valueName":"search_term_string"}}],"inLanguage":"de"}]}},"_links":{"self":[{"href":"https:\/\/filma-v.de\/index.php?rest_route=\/wp\/v2\/product\/3610","targetHints":{"allow":["GET"]}}],"collection":[{"href":"https:\/\/filma-v.de\/index.php?rest_route=\/wp\/v2\/product"}],"about":[{"href":"https:\/\/filma-v.de\/index.php?rest_route=\/wp\/v2\/types\/product"}],"wp:featuredmedia":[{"embeddable":true,"href":"https:\/\/filma-v.de\/index.php?rest_route=\/wp\/v2\/media\/3611"}],"wp:attachment":[{"href":"https:\/\/filma-v.de\/index.php?rest_route=%2Fwp%2Fv2%2Fmedia&parent=3610"}],"wp:term":[{"taxonomy":"product_cat","embeddable":true,"href":"https:\/\/filma-v.de\/index.php?rest_route=%2Fwp%2Fv2%2Fproduct_cat&post=3610"},{"taxonomy":"product_tag","embeddable":true,"href":"https:\/\/filma-v.de\/index.php?rest_route=%2Fwp%2Fv2%2Fproduct_tag&post=3610"}],"curies":[{"name":"wp","href":"https:\/\/api.w.org\/{rel}","templated":true}]}}