{"id":4254,"date":"2022-12-23T11:28:37","date_gmt":"2022-12-23T10:28:37","guid":{"rendered":"https:\/\/filma-v.de\/?post_type=product&#038;p=4254"},"modified":"2026-04-16T14:24:57","modified_gmt":"2026-04-16T12:24:57","slug":"xoro-hrs-8830-hd-sat-receiver-mit-tivusat-karte","status":"publish","type":"product","link":"https:\/\/filma-v.de\/?product=xoro-hrs-8830-hd-sat-receiver-mit-tivusat-karte","title":{"rendered":"XORO HRS 8830 HD SAT-Receiver mit  TIV\u00d9SAT Karte"},"content":{"rendered":"<div class=\"wpb-content-wrapper\"><p>[vc_row][vc_column][vc_tta_tabs][vc_tta_section title=&#8221;Beschreibung&#8221; tab_id=&#8221;1464382921179-156eb823-8f817252-e1975430-66cc&#8221;][vc_column_text]Dar\u00fcber hinaus k\u00f6nnen Sie mit der 2in1-Fernbedienung sowohl den Decoder als auch das Fernsehger\u00e4t (Basisfunktionen) mit einer Fernbedienung steuern.<\/p>\n<p>Das 12-V-Netzteil macht den XORO HRS 8830 auch ideal f\u00fcr Camping und Boote.<\/p>\n<p>Die gef\u00fchrte Installation, das vereinfachte Men\u00fc und das gro\u00dfe Display auf der Vorderseite machen den XORO HRS 8830 zum idealen Decoder f\u00fcr diejenigen, die auf einfache Weise in HD fernsehen m\u00f6chten.[\/vc_column_text][\/vc_tta_section][vc_tta_section title=&#8221;Technische Daten&#8221; tab_id=&#8221;1464383140502-4eb41e34-4e477252-e1975430-66cc&#8221;][vc_column_text]Satellitenreceiver DVB-S\/S2<br \/>\nVideo: MPEG2 MP@ML MP@ HL, H.264 MP\/HP@Level 4.2, H.265\/HEVC profile main 10 @ level 4.1<br \/>\nFull HD bis 1920 x 1080 p<br \/>\nFrequenzbereich 915 &#8230; 2150 MHz<br \/>\nSCR: unicable 1\/2 dCSS<br \/>\nLNB-Spannungsversorgung: 13 V \/ 18 V, max. 400 mA<br \/>\nAutomatische Kanalsuche<br \/>\nLCN automatische Kanalnummerierung<br \/>\n5000 Programmspeicher f\u00fcr TV und Radio<br \/>\nUSB Mediaplayer: Wiedergabe von extern gelagerten Mediadateien (Musik, Videos und Bilder)<br \/>\nVideoverarbeitung:MPEG2, MPEG4, H.264, H.265 (HEVC)<br \/>\nAudioverarbeitung: MP3<br \/>\nBildverarbeitung: JPEG, BMP<br \/>\nDisplay mit Programmanzeige und Uhrzeit<br \/>\nTeletext und Untertitel<br \/>\nProgrammierbare Timer<br \/>\nKindersicherung<br \/>\nTV-Guide (EPI tiv\u00f9sat)<br \/>\nSoftwareupdate \u00fcber USB<br \/>\nOSD-Sprachen: Italienisch, Englisch<br \/>\nStromversorgung 12 V DC, 100 &#8230; 240 V AC, 50 &#8230; 60 Hz<br \/>\nStromverbrauch: Standby &lt;0,6 W, in Betrieb max. 12 W[\/vc_column_text][\/vc_tta_section][vc_tta_section title=&#8221;Anschl\u00fcsse&#8221; tab_id=&#8221;1653913612215-62972016-1589&#8243;][vc_column_text]1 x LNB-Eingang: F-Stecker<br \/>\n1 x Jack 3,5 mm<br \/>\n1 x Audioausgang digital optisch<br \/>\n1 x HDMI<br \/>\n1 x LAN Ethernet 10\/100 RJ45<br \/>\n1 x Smartcard-Leser[\/vc_column_text][\/vc_tta_section][vc_tta_section title=&#8221;Lieferumfang&#8221; tab_id=&#8221;1653913641792-8264db2e-a11d&#8221;][vc_column_text]1 x XORO HRS 8830<br \/>\n1 x Smartcard tiv\u00fasat HD classic<br \/>\n1 x Fernbedienung<br \/>\n1 x SCART Adapter<br \/>\n1 x Externes Netzteil DC 12V \/ 1,5A, 100&#8230;240V AC<br \/>\n1 x Bedienungsanleitung[\/vc_column_text][\/vc_tta_section][\/vc_tta_tabs][vc_separator style=&#8221;dotted&#8221; border_width=&#8221;2&#8243;][\/vc_column][\/vc_row]<\/p>\n<\/div>","protected":false},"excerpt":{"rendered":"<p>Mit dem Xoro HRS 8830 k\u00f6nnen Sie die Kan\u00e4le \u00fcber Satellit empfangen.<\/p>\n<p>Die mitgelieferte Tivusat-Karte kann NUR in diesem Receiver betrieben werden. Andere Ger\u00e4te zerst\u00f6ren den Chip.<\/p>\n","protected":false},"featured_media":3884,"template":"","meta":[],"product_cat":[79,83,81,14],"product_tag":[],"class_list":{"0":"post-4254","1":"product","2":"type-product","3":"status-publish","4":"has-post-thumbnail","6":"product_cat-receiver","7":"product_cat-satelliten-receiver","8":"product_cat-hdtv-receiver","9":"product_cat-tivusat-receiver","11":"first","12":"instock","13":"featured","14":"shipping-taxable","15":"purchasable","16":"product-type-simple"},"yoast_head":"<!-- This site is optimized with the Yoast SEO plugin v23.8 - https:\/\/yoast.com\/wordpress\/plugins\/seo\/ -->\n<title>XORO HRS 8830 HD SAT-Receiver mit TIV\u00d9SAT Karte &#8211; FILMA-V<\/title>\n<meta name=\"description\" content=\"XORO HRS 8830 HD SAT-Receiver mit TIV\u00d9SAT Karte filma firma ulm italienisch fernsehen Tivu rai aktiv frei geschaltet\" \/>\n<meta name=\"robots\" content=\"index, follow, max-snippet:-1, max-image-preview:large, max-video-preview:-1\" \/>\n<link rel=\"canonical\" href=\"https:\/\/filma-v.de\/?product=xoro-hrs-8830-hd-sat-receiver-mit-tivusat-karte\" \/>\n<meta property=\"og:locale\" content=\"de_DE\" \/>\n<meta property=\"og:type\" content=\"article\" \/>\n<meta property=\"og:title\" content=\"XORO HRS 8830 HD SAT-Receiver mit TIV\u00d9SAT Karte &#8211; FILMA-V\" \/>\n<meta property=\"og:description\" content=\"XORO HRS 8830 HD SAT-Receiver mit TIV\u00d9SAT Karte filma firma ulm italienisch fernsehen Tivu rai aktiv frei geschaltet\" \/>\n<meta property=\"og:url\" content=\"https:\/\/filma-v.de\/?product=xoro-hrs-8830-hd-sat-receiver-mit-tivusat-karte\" \/>\n<meta property=\"og:site_name\" content=\"FILMA-V\" \/>\n<meta property=\"article:modified_time\" content=\"2026-04-16T12:24:57+00:00\" \/>\n<meta property=\"og:image\" content=\"https:\/\/filma-v.de\/wp-content\/uploads\/2021\/02\/Verpackung.jpg\" \/>\n\t<meta property=\"og:image:width\" content=\"928\" \/>\n\t<meta property=\"og:image:height\" content=\"703\" \/>\n\t<meta property=\"og:image:type\" content=\"image\/jpeg\" \/>\n<meta name=\"twitter:card\" content=\"summary_large_image\" \/>\n<meta name=\"twitter:label1\" content=\"Gesch\u00e4tzte Lesezeit\" \/>\n\t<meta name=\"twitter:data1\" content=\"2\u00a0Minuten\" \/>\n<script type=\"application\/ld+json\" class=\"yoast-schema-graph\">{\"@context\":\"https:\/\/schema.org\",\"@graph\":[{\"@type\":\"WebPage\",\"@id\":\"https:\/\/filma-v.de\/?product=xoro-hrs-8830-hd-sat-receiver-mit-tivusat-karte\",\"url\":\"https:\/\/filma-v.de\/?product=xoro-hrs-8830-hd-sat-receiver-mit-tivusat-karte\",\"name\":\"XORO HRS 8830 HD SAT-Receiver mit TIV\u00d9SAT Karte &#8211; FILMA-V\",\"isPartOf\":{\"@id\":\"https:\/\/filma-v.de\/#website\"},\"primaryImageOfPage\":{\"@id\":\"https:\/\/filma-v.de\/?product=xoro-hrs-8830-hd-sat-receiver-mit-tivusat-karte#primaryimage\"},\"image\":{\"@id\":\"https:\/\/filma-v.de\/?product=xoro-hrs-8830-hd-sat-receiver-mit-tivusat-karte#primaryimage\"},\"thumbnailUrl\":\"https:\/\/filma-v.de\/wp-content\/uploads\/2021\/02\/Verpackung.jpg\",\"datePublished\":\"2022-12-23T10:28:37+00:00\",\"dateModified\":\"2026-04-16T12:24:57+00:00\",\"description\":\"XORO HRS 8830 HD SAT-Receiver mit TIV\u00d9SAT Karte filma firma ulm italienisch fernsehen Tivu rai aktiv frei geschaltet\",\"breadcrumb\":{\"@id\":\"https:\/\/filma-v.de\/?product=xoro-hrs-8830-hd-sat-receiver-mit-tivusat-karte#breadcrumb\"},\"inLanguage\":\"de\",\"potentialAction\":[{\"@type\":\"ReadAction\",\"target\":[\"https:\/\/filma-v.de\/?product=xoro-hrs-8830-hd-sat-receiver-mit-tivusat-karte\"]}]},{\"@type\":\"ImageObject\",\"inLanguage\":\"de\",\"@id\":\"https:\/\/filma-v.de\/?product=xoro-hrs-8830-hd-sat-receiver-mit-tivusat-karte#primaryimage\",\"url\":\"https:\/\/filma-v.de\/wp-content\/uploads\/2021\/02\/Verpackung.jpg\",\"contentUrl\":\"https:\/\/filma-v.de\/wp-content\/uploads\/2021\/02\/Verpackung.jpg\",\"width\":928,\"height\":703},{\"@type\":\"BreadcrumbList\",\"@id\":\"https:\/\/filma-v.de\/?product=xoro-hrs-8830-hd-sat-receiver-mit-tivusat-karte#breadcrumb\",\"itemListElement\":[{\"@type\":\"ListItem\",\"position\":1,\"name\":\"Startseite\",\"item\":\"https:\/\/filma-v.de\/\"},{\"@type\":\"ListItem\",\"position\":2,\"name\":\"SHOP\",\"item\":\"https:\/\/filma-v.de\/?page_id=5\"},{\"@type\":\"ListItem\",\"position\":3,\"name\":\"XORO HRS 8830 HD SAT-Receiver mit TIV\u00d9SAT Karte\"}]},{\"@type\":\"WebSite\",\"@id\":\"https:\/\/filma-v.de\/#website\",\"url\":\"https:\/\/filma-v.de\/\",\"name\":\"FILMA-V\",\"description\":\"Sat, Kabel, Dreambox, Humax, Topfield, Dreambox, VU+, Kathrein, lnb, Sat-Erotik, PayTV, Anlagen, Sch\u00fcsseln, Satfinder &amp; Pay-TV, Outdoor M\u00f6bel\",\"potentialAction\":[{\"@type\":\"SearchAction\",\"target\":{\"@type\":\"EntryPoint\",\"urlTemplate\":\"https:\/\/filma-v.de\/?s={search_term_string}\"},\"query-input\":{\"@type\":\"PropertyValueSpecification\",\"valueRequired\":true,\"valueName\":\"search_term_string\"}}],\"inLanguage\":\"de\"}]}<\/script>\n<!-- \/ Yoast SEO plugin. -->","yoast_head_json":{"title":"XORO HRS 8830 HD SAT-Receiver mit TIV\u00d9SAT Karte &#8211; FILMA-V","description":"XORO HRS 8830 HD SAT-Receiver mit TIV\u00d9SAT Karte filma firma ulm italienisch fernsehen Tivu rai aktiv frei geschaltet","robots":{"index":"index","follow":"follow","max-snippet":"max-snippet:-1","max-image-preview":"max-image-preview:large","max-video-preview":"max-video-preview:-1"},"canonical":"https:\/\/filma-v.de\/?product=xoro-hrs-8830-hd-sat-receiver-mit-tivusat-karte","og_locale":"de_DE","og_type":"article","og_title":"XORO HRS 8830 HD SAT-Receiver mit TIV\u00d9SAT Karte &#8211; FILMA-V","og_description":"XORO HRS 8830 HD SAT-Receiver mit TIV\u00d9SAT Karte filma firma ulm italienisch fernsehen Tivu rai aktiv frei geschaltet","og_url":"https:\/\/filma-v.de\/?product=xoro-hrs-8830-hd-sat-receiver-mit-tivusat-karte","og_site_name":"FILMA-V","article_modified_time":"2026-04-16T12:24:57+00:00","og_image":[{"width":928,"height":703,"url":"https:\/\/filma-v.de\/wp-content\/uploads\/2021\/02\/Verpackung.jpg","type":"image\/jpeg"}],"twitter_card":"summary_large_image","twitter_misc":{"Gesch\u00e4tzte Lesezeit":"2\u00a0Minuten"},"schema":{"@context":"https:\/\/schema.org","@graph":[{"@type":"WebPage","@id":"https:\/\/filma-v.de\/?product=xoro-hrs-8830-hd-sat-receiver-mit-tivusat-karte","url":"https:\/\/filma-v.de\/?product=xoro-hrs-8830-hd-sat-receiver-mit-tivusat-karte","name":"XORO HRS 8830 HD SAT-Receiver mit TIV\u00d9SAT Karte &#8211; FILMA-V","isPartOf":{"@id":"https:\/\/filma-v.de\/#website"},"primaryImageOfPage":{"@id":"https:\/\/filma-v.de\/?product=xoro-hrs-8830-hd-sat-receiver-mit-tivusat-karte#primaryimage"},"image":{"@id":"https:\/\/filma-v.de\/?product=xoro-hrs-8830-hd-sat-receiver-mit-tivusat-karte#primaryimage"},"thumbnailUrl":"https:\/\/filma-v.de\/wp-content\/uploads\/2021\/02\/Verpackung.jpg","datePublished":"2022-12-23T10:28:37+00:00","dateModified":"2026-04-16T12:24:57+00:00","description":"XORO HRS 8830 HD SAT-Receiver mit TIV\u00d9SAT Karte filma firma ulm italienisch fernsehen Tivu rai aktiv frei geschaltet","breadcrumb":{"@id":"https:\/\/filma-v.de\/?product=xoro-hrs-8830-hd-sat-receiver-mit-tivusat-karte#breadcrumb"},"inLanguage":"de","potentialAction":[{"@type":"ReadAction","target":["https:\/\/filma-v.de\/?product=xoro-hrs-8830-hd-sat-receiver-mit-tivusat-karte"]}]},{"@type":"ImageObject","inLanguage":"de","@id":"https:\/\/filma-v.de\/?product=xoro-hrs-8830-hd-sat-receiver-mit-tivusat-karte#primaryimage","url":"https:\/\/filma-v.de\/wp-content\/uploads\/2021\/02\/Verpackung.jpg","contentUrl":"https:\/\/filma-v.de\/wp-content\/uploads\/2021\/02\/Verpackung.jpg","width":928,"height":703},{"@type":"BreadcrumbList","@id":"https:\/\/filma-v.de\/?product=xoro-hrs-8830-hd-sat-receiver-mit-tivusat-karte#breadcrumb","itemListElement":[{"@type":"ListItem","position":1,"name":"Startseite","item":"https:\/\/filma-v.de\/"},{"@type":"ListItem","position":2,"name":"SHOP","item":"https:\/\/filma-v.de\/?page_id=5"},{"@type":"ListItem","position":3,"name":"XORO HRS 8830 HD SAT-Receiver mit TIV\u00d9SAT Karte"}]},{"@type":"WebSite","@id":"https:\/\/filma-v.de\/#website","url":"https:\/\/filma-v.de\/","name":"FILMA-V","description":"Sat, Kabel, Dreambox, Humax, Topfield, Dreambox, VU+, Kathrein, lnb, Sat-Erotik, PayTV, Anlagen, Sch\u00fcsseln, Satfinder &amp; Pay-TV, Outdoor M\u00f6bel","potentialAction":[{"@type":"SearchAction","target":{"@type":"EntryPoint","urlTemplate":"https:\/\/filma-v.de\/?s={search_term_string}"},"query-input":{"@type":"PropertyValueSpecification","valueRequired":true,"valueName":"search_term_string"}}],"inLanguage":"de"}]}},"_links":{"self":[{"href":"https:\/\/filma-v.de\/index.php?rest_route=\/wp\/v2\/product\/4254","targetHints":{"allow":["GET"]}}],"collection":[{"href":"https:\/\/filma-v.de\/index.php?rest_route=\/wp\/v2\/product"}],"about":[{"href":"https:\/\/filma-v.de\/index.php?rest_route=\/wp\/v2\/types\/product"}],"wp:featuredmedia":[{"embeddable":true,"href":"https:\/\/filma-v.de\/index.php?rest_route=\/wp\/v2\/media\/3884"}],"wp:attachment":[{"href":"https:\/\/filma-v.de\/index.php?rest_route=%2Fwp%2Fv2%2Fmedia&parent=4254"}],"wp:term":[{"taxonomy":"product_cat","embeddable":true,"href":"https:\/\/filma-v.de\/index.php?rest_route=%2Fwp%2Fv2%2Fproduct_cat&post=4254"},{"taxonomy":"product_tag","embeddable":true,"href":"https:\/\/filma-v.de\/index.php?rest_route=%2Fwp%2Fv2%2Fproduct_tag&post=4254"}],"curies":[{"name":"wp","href":"https:\/\/api.w.org\/{rel}","templated":true}]}}